{"id":7,"date":"2023-04-02T13:40:17","date_gmt":"2023-04-02T13:40:17","guid":{"rendered":"https:\/\/sehverlust.de\/?page_id=7"},"modified":"2026-01-18T12:24:15","modified_gmt":"2026-01-18T12:24:15","slug":"home","status":"publish","type":"page","link":"https:\/\/sehverlust.de\/","title":{"rendered":"Startseite"},"content":{"rendered":"\n<figure class=\"wp-block-image aligncenter size-medium\"><img loading=\"lazy\" decoding=\"async\" width=\"300\" height=\"225\" src=\"https:\/\/sehverlust.de\/wp-content\/uploads\/2023\/04\/Mischke-3-300x225.jpg\" alt=\"\" class=\"wp-image-26\" srcset=\"https:\/\/sehverlust.de\/wp-content\/uploads\/2023\/04\/Mischke-3-300x225.jpg 300w, https:\/\/sehverlust.de\/wp-content\/uploads\/2023\/04\/Mischke-3-1024x768.jpg 1024w, https:\/\/sehverlust.de\/wp-content\/uploads\/2023\/04\/Mischke-3-768x576.jpg 768w, https:\/\/sehverlust.de\/wp-content\/uploads\/2023\/04\/Mischke-3-1536x1152.jpg 1536w, https:\/\/sehverlust.de\/wp-content\/uploads\/2023\/04\/Mischke-3-2048x1536.jpg 2048w\" sizes=\"auto, (max-width: 300px) 100vw, 300px\" \/><\/figure>\n\n\n\n<p><strong>Willkommen auf www.sehverlust.de<\/strong><\/p>\n\n\n\n<p>Der Verlust oder die Einschr\u00e4nkung des Sehverm\u00f6gens stellt das Leben f\u00fcr Betroffene und auch f\u00fcr ihre Angeh\u00f6rigen auf den Kopf.<\/p>\n\n\n\n<p>Gewohnte T\u00e4tigkeiten fallen schwerer, Orientierung und Selbstst\u00e4ndigkeit k\u00f6nnen eingeschr\u00e4nkt sein, und viele Betroffene stehen vor neuen emotionalen und praktischen Herausforderungen. Dabei spielt es keine Rolle, ob das Sehverm\u00f6gen schleichend oder pl\u00f6tzlich nachl\u00e4sst \u2013 die Verunsicherung ist h\u00e4ufig gro\u00df.<\/p>\n\n\n\n<p>Sie m\u00fcssen diesen Weg nicht allein gehen.&nbsp;<\/p>\n\n\n\n<p>Mein Name ist&nbsp;<strong>Carolin Mischke<\/strong>. Ich bin verheiratet, Mutter von zwei T\u00f6chtern, selbst blind und arbeite als Peer Beraterin bei der EUTB-Teilhabeberatung der Blindeninstitutsstiftung W\u00fcrzburg und ehrenamtlich als Blickpunkt Auge Beraterin im Mehrgenerationenhaus Familienzentrum Lauda-K\u00f6nigshofen. Durch meine eigene fortschreitende Augenerkrankung und meine t\u00e4gliche Arbeit mit Menschen, die von Sehverlust betroffen sind, wei\u00df ich, welche Fragen, Sorgen und Gef\u00fchle viele Betroffene bewegen.&nbsp;<\/p>\n\n\n\n<p>Mir ist es besonders wichtig, f\u00fcr Betroffene und ihre Angeh\u00f6rigen da zu sein, zuzuh\u00f6ren und ernst zu nehmen, was sie gerade besch\u00e4ftigt. In der Beratung suchen wir gemeinsam nach einem Weg, der Ihnen hilft, Ihr Leben trotz Sehverlust zu meistern, Ihre Lebensqualit\u00e4t zu verbessern und Ihre pers\u00f6nlichen Bed\u00fcrfnisse zu ber\u00fccksichtigen.<\/p>\n\n\n\n<p><strong>Beratung bei Blickpunkt Auge<\/strong><\/p>\n\n\n\n<p>Die Beratungsstelle&nbsp;<strong>Blickpunkt Auge<\/strong>&nbsp;bietet pers\u00f6nliche und unabh\u00e4ngige Beratung. Hier erhalten Sie praktische Tipps f\u00fcr den Alltag, Informationen zu Hilfsmitteln, rechtlichen Anspr\u00fcchen sowie Unterst\u00fctzung bei pers\u00f6nlichen Fragen. Gemeinsam suchen wir nach L\u00f6sungen, die zu Ihrer Lebenssituation passen.<\/p>\n\n\n\n<p><strong>Kontakt:<\/strong><\/p>\n\n\n\n<p>Carolin Mischke<\/p>\n\n\n\n<p>Mehrgenerationenhaus Familienzentrum Lauda-K\u00f6nigshofen<\/p>\n\n\n\n<p>Josef-Schmitt-Str. 26a<\/p>\n\n\n\n<p>97922 Lauda-K\u00f6nigshofen<\/p>\n\n\n\n<p>Telefon: 09343 7093023<\/p>\n\n\n\n<p>Mail:&nbsp;<a href=\"mailto:c.mischke@blickpunkt-auge.de\">c.mischke@blickpunkt-auge.de<\/a><\/p>\n\n\n\n<p><strong>Weitere Angebote:<\/strong><\/p>\n\n\n\n<ul class=\"wp-block-list\">\n<li>Aktionstage f\u00fcr Kitas und Schulen<\/li>\n\n\n\n<li>Schulungen mit Selbsterfahrung f\u00fcr Vereine (Nachbarschaftshilfe, Tageselternverein)<\/li>\n\n\n\n<li>Mitwirkung in verschiedenen Gremien<\/li>\n<\/ul>\n","protected":false},"excerpt":{"rendered":"<p>Willkommen auf www.sehverlust.de Der Verlust oder die Einschr\u00e4nkung des Sehverm\u00f6gens stellt das Leben f\u00fcr Betroffene und auch f\u00fcr ihre Angeh\u00f6rigen auf den Kopf. Gewohnte T\u00e4tigkeiten fallen schwerer, Orientierung und Selbstst\u00e4ndigkeit k\u00f6nnen eingeschr\u00e4nkt sein, und viele Betroffene stehen vor neuen emotionalen und praktischen Herausforderungen. Dabei spielt es keine Rolle, ob das Sehverm\u00f6gen schleichend oder pl\u00f6tzlich nachl\u00e4sst [&hellip;]<\/p>\n","protected":false},"author":1,"featured_media":26,"parent":0,"menu_order":0,"comment_status":"closed","ping_status":"closed","template":"","meta":{"site-sidebar-layout":"no-sidebar","site-content-layout":"plain-container","ast-site-content-layout":"normal-width-container","site-content-style":"unboxed","site-sidebar-style":"unboxed","ast-global-header-display":"","ast-banner-title-visibility":"","ast-main-header-display":"","ast-hfb-above-header-display":"","ast-hfb-below-header-display":"","ast-hfb-mobile-header-display":"","site-post-title":"disabled","ast-breadcrumbs-content":"","ast-featured-img":"","footer-sml-layout":"","ast-disable-related-posts":"","theme-transparent-header-meta":"enabled","adv-header-id-meta":"","stick-header-meta":"","header-above-stick-meta":"","header-main-stick-meta":"","header-below-stick-meta":"","astra-migrate-meta-layouts":"set","ast-page-background-enabled":"default","ast-page-background-meta":{"desktop":{"background-color":"var(--ast-global-color-4)","background-image":"","background-repeat":"repeat","background-position":"center center","background-size":"auto","background-attachment":"scroll","background-type":"","background-media":"","overlay-type":"","overlay-color":"","overlay-opacity":"","overlay-gradient":""},"tablet":{"background-color":"","background-image":"","background-repeat":"repeat","background-position":"center center","background-size":"auto","background-attachment":"scroll","background-type":"","background-media":"","overlay-type":"","overlay-color":"","overlay-opacity":"","overlay-gradient":""},"mobile":{"background-color":"","background-image":"","background-repeat":"repeat","background-position":"center center","background-size":"auto","background-attachment":"scroll","background-type":"","background-media":"","overlay-type":"","overlay-color":"","overlay-opacity":"","overlay-gradient":""}},"ast-content-background-meta":{"desktop":{"background-color":"var(--ast-global-color-5)","background-image":"","background-repeat":"repeat","background-position":"center center","background-size":"auto","background-attachment":"scroll","background-type":"","background-media":"","overlay-type":"","overlay-color":"","overlay-opacity":"","overlay-gradient":""},"tablet":{"background-color":"var(--ast-global-color-5)","background-image":"","background-repeat":"repeat","background-position":"center center","background-size":"auto","background-attachment":"scroll","background-type":"","background-media":"","overlay-type":"","overlay-color":"","overlay-opacity":"","overlay-gradient":""},"mobile":{"background-color":"var(--ast-global-color-5)","background-image":"","background-repeat":"repeat","background-position":"center center","background-size":"auto","background-attachment":"scroll","background-type":"","background-media":"","overlay-type":"","overlay-color":"","overlay-opacity":"","overlay-gradient":""}},"footnotes":""},"class_list":["post-7","page","type-page","status-publish","has-post-thumbnail","hentry"],"_links":{"self":[{"href":"https:\/\/sehverlust.de\/index.php\/wp-json\/wp\/v2\/pages\/7","targetHints":{"allow":["GET"]}}],"collection":[{"href":"https:\/\/sehverlust.de\/index.php\/wp-json\/wp\/v2\/pages"}],"about":[{"href":"https:\/\/sehverlust.de\/index.php\/wp-json\/wp\/v2\/types\/page"}],"author":[{"embeddable":true,"href":"https:\/\/sehverlust.de\/index.php\/wp-json\/wp\/v2\/users\/1"}],"replies":[{"embeddable":true,"href":"https:\/\/sehverlust.de\/index.php\/wp-json\/wp\/v2\/comments?post=7"}],"version-history":[{"count":19,"href":"https:\/\/sehverlust.de\/index.php\/wp-json\/wp\/v2\/pages\/7\/revisions"}],"predecessor-version":[{"id":132,"href":"https:\/\/sehverlust.de\/index.php\/wp-json\/wp\/v2\/pages\/7\/revisions\/132"}],"wp:featuredmedia":[{"embeddable":true,"href":"https:\/\/sehverlust.de\/index.php\/wp-json\/wp\/v2\/media\/26"}],"wp:attachment":[{"href":"https:\/\/sehverlust.de\/index.php\/wp-json\/wp\/v2\/media?parent=7"}],"curies":[{"name":"wp","href":"https:\/\/api.w.org\/{rel}","templated":true}]}}

<figure class="wp-block-image aligncenter size-medium"><img loading="lazy" decoding="async" width="300" height="225" src="https://sehverlust.de/wp-content/uploads/2023/04/Mischke-3-300x225.jpg" alt="" class="wp-image-26" srcset="https://sehverlust.de/wp-content/uploads/2023/04/Mischke-3-300x225.jpg 300w, https://sehverlust.de/wp-content/uploads/2023/04/Mischke-3-1024x768.jpg 1024w, https://sehverlust.de/wp-content/uploads/2023/04/Mischke-3-768x576.jpg 768w, https://sehverlust.de/wp-content/uploads/2023/04/Mischke-3-1536x1152.jpg 1536w, https://sehverlust.de/wp-content/uploads/2023/04/Mischke-3-2048x1536.jpg 2048w" sizes="auto, (max-width: 300px) 100vw, 300px" /></figure>



<p><strong>Willkommen auf www.sehverlust.de</strong></p>



<p>Der Verlust oder die Einschränkung des Sehvermögens stellt das Leben für Betroffene und auch für ihre Angehörigen auf den Kopf.</p>



<p>Gewohnte Tätigkeiten fallen schwerer, Orientierung und Selbstständigkeit können eingeschränkt sein, und viele Betroffene stehen vor neuen emotionalen und praktischen Herausforderungen. Dabei spielt es keine Rolle, ob das Sehvermögen schleichend oder plötzlich nachlässt – die Verunsicherung ist häufig groß.</p>



<p>Sie müssen diesen Weg nicht allein gehen.&nbsp;</p>



<p>Mein Name ist&nbsp;<strong>Carolin Mischke</strong>. Ich bin verheiratet, Mutter von zwei Töchtern, selbst blind und arbeite als Peer Beraterin bei der EUTB-Teilhabeberatung der Blindeninstitutsstiftung Würzburg und ehrenamtlich als Blickpunkt Auge Beraterin im Mehrgenerationenhaus Familienzentrum Lauda-Königshofen. Durch meine eigene fortschreitende Augenerkrankung und meine tägliche Arbeit mit Menschen, die von Sehverlust betroffen sind, weiß ich, welche Fragen, Sorgen und Gefühle viele Betroffene bewegen.&nbsp;</p>



<p>Mir ist es besonders wichtig, für Betroffene und ihre Angehörigen da zu sein, zuzuhören und ernst zu nehmen, was sie gerade beschäftigt. In der Beratung suchen wir gemeinsam nach einem Weg, der Ihnen hilft, Ihr Leben trotz Sehverlust zu meistern, Ihre Lebensqualität zu verbessern und Ihre persönlichen Bedürfnisse zu berücksichtigen.</p>



<p><strong>Beratung bei Blickpunkt Auge</strong></p>



<p>Die Beratungsstelle&nbsp;<strong>Blickpunkt Auge</strong>&nbsp;bietet persönliche und unabhängige Beratung. Hier erhalten Sie praktische Tipps für den Alltag, Informationen zu Hilfsmitteln, rechtlichen Ansprüchen sowie Unterstützung bei persönlichen Fragen. Gemeinsam suchen wir nach Lösungen, die zu Ihrer Lebenssituation passen.</p>



<p><strong>Kontakt:</strong></p>



<p>Carolin Mischke</p>



<p>Mehrgenerationenhaus Familienzentrum Lauda-Königshofen</p>



<p>Josef-Schmitt-Str. 26a</p>



<p>97922 Lauda-Königshofen</p>



<p>Telefon: 09343 7093023</p>



<p>Mail:&nbsp;<a href="mailto:c.mischke@blickpunkt-auge.de">c.mischke@blickpunkt-auge.de</a></p>



<p><strong>Weitere Angebote:</strong></p>



<ul class="wp-block-list">
<li>Aktionstage für Kitas und Schulen</li>



<li>Schulungen mit Selbsterfahrung für Vereine (Nachbarschaftshilfe, Tageselternverein)</li>



<li>Mitwirkung in verschiedenen Gremien</li>
</ul>

<p>Willkommen auf www.sehverlust.de Der Verlust oder die Einschränkung des Sehvermögens stellt das Leben für Betroffene und auch für ihre Angehörigen auf den Kopf. Gewohnte Tätigkeiten fallen schwerer, Orientierung und Selbstständigkeit können eingeschränkt sein, und viele Betroffene stehen vor neuen emotionalen und praktischen Herausforderungen. Dabei spielt es keine Rolle, ob das Sehvermögen schleichend oder plötzlich nachlässt [&hellip;]</p>
